2*d - 54 = -2*a, a + 2*d - 5 - 13 = 0. Let t = -34817 + 34835. Calculate the highest common divisor of a and t.
6
Let z be (-4)/(-54) - 27200/(-216). What is the greatest common factor of 224 and z?
14
Suppose 27 = -4*h + 11. Let c be (h - (5 - 1))*-14. What is the highest common divisor of 14 and c?
14
Let l(d) = -d**3 + 53*d**2 + 130*d - 142. Let i be l(50). Calculate the highest common factor of 26 and i.
26
Let v(b) = 41*b**2 + 74*b - 12. Let j be v(-8). Calculate the highest common divisor of 60 and j.
20
Suppose -16 - 64 = -2*z. Suppose -14*w + 18*w + 1664 = 17*w. What is the greatest common factor of z and w?
8
Let y(t) = t**3 + 14*t**2 + t + 12. Let h be y(-14). Let k be 4 - (h/3)/(14/252). Calculate the highest common divisor of 56 and k.
8
Let v(m) = 2*m**3 - 105*m**2 - 60*m + 404. Let w be v(53). Let u = 96 + -52. Calculate the greatest common divisor of w and u.
11
Suppose -17*f = -18*f + 2. Suppose 8*q - 6*q - i = 733, -748 = -f*q - 4*i. Calculate the highest common divisor of q and 80.
16
Let g = -254979 + 255555. Suppose -31 = -3*r + 2*k, -5*k - 55 = -5*r - 0*k. What is the greatest common divisor of g and r?
9
Let u = 222 + -201. Let k = -142 + 310. Calculate the greatest common divisor of u and k.
21
Let a be -2*(-12)/(-8) - -195. Suppose a + 117 = 3*x. Suppose 0 = 9*z - 68 - x. Calculate the highest common divisor of 19 and z.
19
Let a be (-2403)/(-6)*((-76)/(-190) + 36/10). What is the greatest common factor of a and 126?
18
Let w(y) = -2*y**3 - 6*y**2 + y + 8. Let u be w(-4). Let f = -82 + 57. Let c = f + 34. What is the highest common divisor of u and c?
9
Let i be 12 + -16 + 4 + 0. Let k be i + (-1128)/(-21) - (-10)/35. What is the greatest common factor of 12 and k?
6
Suppose -3*p - 4*f + 547 + 2623 = 0, 0 = 2*f + 2. What is the greatest common factor of p and 2?
2
Suppose -2*g + 4*y + 452 = 0, -3*g + 4*y + 351 = -337. Suppose -57*w = -c - 56*w + 49, -29 = -c + 3*w. Calculate the highest common divisor of g and c.
59
Let h be 108/5 + 14/35. Suppose 3*a - 166 + 37 = -3*m, -2*m + 218 = 5*a. What is the highest common factor of h and a?
22
Suppose 2*i = -7 - 67. Let f = 97 + i. Let r(u) = u**3 - 52*u**2 - 221*u - 78. Let p be r(56). What is the greatest common divisor of p and f?
30
Let f(h) = 12*h - 15. Let o be f(6). Suppose 222 = 56*a - 62*a. Let z = o + a. Calculate the highest common factor of 40 and z.
20
Suppose -5*o = -3*o - 72. Let c(f) = 19 - 19 + f + 45. Let k be c(-21). Calculate the highest common divisor of k and o.
12
Let z be (2/2)/((-5)/(-10)). Let s(p) = -p**3 + 5*p**2 - p - 3. Let h be s(z). Let c be 0*(-2)/(-4) - -1. Calculate the greatest common factor of h and c.
1
Let h(d) = -d**2 + 10*d - 16. Let g be h(7). Suppose 0 = g*p + p. Let u = 2 - p. What is the greatest common divisor of 10 and u?
2
Let m = 100 + -124. Let g be 2*(-2)/m + (-9952)/(-192). Suppose 31 = 2*o + 5. What is the highest common divisor of o and g?
13
Let p be (-8)/(-1) + (77294/13 - (-880)/2860). What is the greatest common divisor of p and 26?
26
Let q = 5448 - 5032. What is the highest common factor of 6552 and q?
104
Let n = -554 + 115. Let r = 550 - n. Calculate the highest common divisor of r and 43.
43
Suppose 0 = -6*d + 286 + 794. Calculate the greatest common divisor of d and 54.
18
Let f(r) = r**2 + 2*r - 11. Suppose 4*g + 3*o + 138 = 0, 5*g + 171 = 3*o - 6*o. Let b = 26 + g. Let q be f(b). What is the highest common factor of q and 60?
12
Let w = -9 - -63. Let l(f) = f**3 + 13*f**2 + 10*f + 12. Let b be l(-12). What is the highest common divisor of b and w?
18
Suppose 234 = 122*p - 742. Suppose 0*f - 32 = -2*f. Calculate the greatest common divisor of f and p.
8
Let n be (-1 + 7)*(-16 - 793/(-26) - -3). Let s be (-8)/(-10)*(-150)/(-4). What is the highest common divisor of s and n?
15
Suppose -80*s = -79*s - 4*g - 30, 0 = 4*s - 2*g - 78. What is the highest common divisor of s and 12?
6
Suppose 55 = 3*d + 10. Suppose d = 5*n, 4*j - n - 4*n = 53. What is the highest common factor of j and 119?
17
Let n = 157 - -115. Let w be -3 - (-40 - 2) - 7. What is the highest common divisor of n and w?
16
Let k be ((-85)/2)/(27/(-18)) - (-4)/(-3). What is the highest common divisor of 6228 and k?
9
Suppose -6 = -d - 2*d - s, 2*d = 3*s + 4. Suppose d*l + 4 = 16. Suppose -3*q + 2*q + l = w, -26 = -w + 3*q. What is the highest common factor of 22 and w?
11
Let q = -9625 + 9935. Calculate the highest common factor of 4216 and q.
62
Let d = -166 + 175. Let l(i) = -i**2 + 5*i + 1. Let r be l(5). Suppose -2 = -b + r. Calculate the highest common divisor of b and d.
3
Let t = 10157 + -9997. Calculate the greatest common factor of t and 608.
32
Let j be (444 + -264)*(-1 + 2 + (-39)/(-15)). Calculate the highest common factor of j and 1176.
24
Let v = 36800 + -36758. Calculate the greatest common divisor of v and 4942.
14
Let g(z) be the third derivative of -z**4 - z**3/3 + z**2 - 10*z. Let c be g(-3). Calculate the greatest common factor of c and 35.
35
Suppose -2 = -2*m, 0*l = -5*l - 5*m + 100. What is the greatest common divisor of l and 893?
19
Suppose -4*a + 5*m - 4*m = -24, -5*a - 4*m = -9. Suppose 0 = a*c - 225 - 435. Let o = -46 - -79. What is the greatest common factor of c and o?
33
Let t(x) = 8*x + 60. Let n be t(23). Let p = -32 + n. What is the highest common divisor of 4 and p?
4
Suppose 5*c - 30 = 5*p - 5, -25 = -3*p - 5*c. Suppose p = -0*m - 5*m - 2*k + 902, -5*m + k = -899. Calculate the highest common factor of m and 60.
60
Suppose -2148*z = -2159*z + 22. Calculate the highest common factor of 98 and z.
2
Suppose 43 + 222 = -5*h. Let n = 9477 + -9411. Let f = n + h. What is the highest common divisor of f and 1?
1
Let o(s) = s**2 + 17*s + 5. Let g be o(-17). Suppose -u - 11 = -g*n, -7 = 3*n - 19. Calculate the highest common factor of u and 12.
3
Let b(g) = -25*g + 381. Suppose -2*i - 4*x + 81 = 3*i, i = 2*x + 5. Let o be b(i). Calculate the greatest common divisor of 224 and o.
56
Let q(m) = 29*m**2 + 90*m - 34. Let f be q(-4). Calculate the greatest common factor of 3140 and f.
10
Suppose 0 = 5*k - 2*w - 1686, -2*k + 5*w = -492 - 174. Calculate the greatest common factor of k and 26.
26
Let j(g) = 56*g - 64. Let c be j(10). Suppose 0*y - 8*y = -c. Calculate the greatest common divisor of 155 and y.
31
Let c(s) = -191*s - 15. Let v = -175 - -174. Let q be c(v). What is the greatest common divisor of q and 66?
22
Let j(f) = 260*f + 4440. Let u be j(-17). Suppose -h - 16 = -2*h. What is the highest common divisor of h and u?
4
Suppose -12*j + 2812 + 5761 = -3727. What is the highest common factor of j and 2665?
205
Let d be 558/(20 + -2) - (1 - 0). Calculate the highest common factor of d and 2094.
6
Suppose a + 111 - 79 = 0. Let l be (-4)/(a/8) - 407/(-1). Suppose 0 = 5*z - 2*o - 257, 0*o + 4 = -4*o. What is the highest common divisor of l and z?
51
Let l = -1012 + 1047. What is the highest common factor of 10955 and l?
35
Suppose 1263 = 4*t - n - 1287, -1308 = -2*t - 5*n. What is the highest common divisor of 63 and t?
9
Let g(z) = -48*z + 22*z + 15 + 25*z. Let u be g(5). What is the highest common factor of u and 20?
10
Let c = -300 - -438. Let q = 192 - c. Calculate the greatest common divisor of q and 216.
54
Let v = -2384 + 2644. What is the highest common factor of 15860 and v?
260
Let n be 14/21 - ((-204)/9)/2. Suppose -5*r + 4*m = -241, -n*r + 3*m + 237 = -7*r. Calculate the greatest common divisor of r and 99.
9
Suppose -18*i + 3 = -20*i + 5*a, 3*i + 4*a - 7 = 0. Let k(d) = 980*d**2 + 3*d - 4. Let z be k(i). What is the highest common divisor of z and 11?
11
Let g be 7/(-21) + 884/6. Let w be 15*(-2)/(-6)*-1. Let v(o) = -3*o + 6. Let m be v(w). Calculate the greatest common factor of g and m.
21
Suppose z + 1 = -b, 2*z - 4*z + 2*b = -18. Let p = -4 + z. Suppose p = o + 9 - 14. Calculate the highest common factor of o and 40.
5
Let i be (5 + 119/(-14))*-10. Let q be ((-1176)/i)/(6/(-60)). What is the highest common factor of 8 and q?
8
Suppose 1378 = 48*g - 7983 + 529. Calculate the greatest common divisor of 782 and g.
46
Let n(l) = -53*l**2 + 14*l - 459. Let m(k) = -29*k**2 + 7*k - 230. Let w(g) = 11*m(g) - 6*n(g). Let v be w(0). What is the greatest common divisor of 192 and v?
32
Suppose 0 = -221*r + 50*r + 327